 derivative of i**4/12 + 2*i**3/3 + 5*i**2 - 27*i. List the prime factors of f(-6).
2, 11
What are the prime factors of (-2 - (-30236)/44) + (-4)/22?
5, 137
Suppose 7*q = q + 24. Suppose -3*n = -q*n + 36. What are the prime factors of n?
2, 3
Let s(g) = 5*g - 17. Let r be s(14). Let o = 8 - 4. Suppose j - 5*j = 3*a - r, o*a = 3*j - 21. What are the prime factors of j?
11
Let w = 260 - -129. What are the prime factors of w?
389
Let y(h) = -h**3 + 6*h + 1176. List the prime factors of y(0).
2, 3, 7
Suppose 739 - 275 = 2*y. What are the prime factors of y?
2, 29
What are the prime factors of 2/15 - 596920/(-600)?
5, 199
Let i(s) = 2*s - 12. Let h(p) = -3*p + 12. Let t(v) = -4*h(v) - 5*i(v). Let f be t(6). Suppose f*g - 23*g - 47 = 0. List the prime factors of g.
47
Suppose -5*w - 366 - 145 = 3*k, -2*k = 2*w + 338. Let q = k + 255. List the prime factors of q.
2, 11
Let u be (-1)/(56/20 + -3). Suppose 3*c = u*c + 20. Let x = c + 30. List the prime factors of x.
2, 5
Let t = 26 - 24. Suppose 2*c - 36 = t*o, 5*o - 78 = -5*c + 2*c. What are the prime factors of c?
3, 7
Let c be -2 - ((-2)/(-2) + -9). Let x be 8/3 + (-4)/c. Suppose -45 + 15 = -3*g + 3*h, 46 = 4*g + x*h. List the prime factors of g.
11
Suppose -17*b + 22*b = 1290. What are the prime factors of b?
2, 3, 43
Suppose 4*j + 1642 = 6*j - 5*m, -5*j - 3*m + 4136 = 0. List the prime factors of j.
2, 7, 59
Let m(w) = -3*w - 8. Let z be m(-6). Suppose 5*n - z = -5. What are the prime factors of 13 - (n - 2)*3?
2
Let a(f) = f**3 - 6*f**2 - 8*f + 4. Suppose k - 10 = u, -5*u + u = 4*k. Let o be a(k). Let d = -19 - o. List the prime factors of d.
2, 3, 7
Let k be (-4816)/8 + -2 + 0. Let h be (-1)/2 - k/8. What are the prime factors of ((-4)/(-10))/(5/h)?
2, 3
Suppose 2*p - 10 = 2*h, 8 = -3*h - 1. Suppose -p*m = 3*m - 30. What are the prime factors of m?
2, 3
Suppose -4*d + 1799 = 5*l, 5*d + 42*l = 43*l + 2285. What are the prime factors of d?
2, 3, 19
Let n = 32 + -30. Suppose k = 3*v + 63, -n*k - k + 5*v = -193. List the prime factors of k.
2, 3, 11
Let d(i) = i**2 + 4*i + 17. Let r be d(13). Let c = r + -118. What are the prime factors of c?
2, 3, 5
Let o = -32 - -31. Let v = 48 + o. What are the prime factors of v?
47
Let y(p) = -p**2 - 6*p - 9. Let u be y(-3). Let x be -1 - (4 + -9 + 2). Suppose -2*k + u = -2, -x*w - k = -99. What are the prime factors of w?
7
Let b(p) = p**3 - p. Let g be (-14)/(-18) + (-14)/(-63). Let t be b(g). Suppose 5*m - 3*m - 8 = t. What are the prime factors of m?
2
Suppose -411 = -2*u + 183. List the prime factors of u.
3, 11
Let x(s) = 2*s**3 - 5*s**2 - 2*s + 6. Suppose 2*h + 0*u - 4*u - 90 = 0, 5*u - 165 = -5*h. Let j = h + -33. What are the prime factors of x(j)?
2, 23
Let h be (-177)/7 + 161/49 + -3. Let k = h - -172. What are the prime factors of k?
3, 7
Suppose -4*g = -5*j - 10, j + 6 + 7 = 3*g. Suppose 3*x + 3 = 0, -2*d - 5*x + 53 = -j*x. What are the prime factors of d?
2, 7
Suppose -5*p - 23 = -18. What are the prime factors of p + (-627)/(-3) + 5?
3, 71
Let s(c) = c**2 + 6*c - 5. Let w be s(-7). What are the prime factors of 2 + w + 54 + 3?
61
Suppose -4*x = -5*c - 708, x - 4*c - 168 = 9. List the prime factors of x.
3, 59
Let p(l) be the third derivative of l**4/8 + 2*l**3 - 6*l**2. What are the prime factors of p(4)?
2, 3
Let x(i) = -2*i + 6. Let r be x(4). Let p be (4/(-7))/(r/7). Suppose 2*u - 26 = -p. List the prime factors of u.
2, 3
Suppose 6*b - 184 = 4*b. Let s(r) = 2*r**2 - 5*r + 4. Let d be s(6). Let i = b - d. List the prime factors of i.
2, 23
Suppose -4*j + 5*h - 30 = -13, -15 = -3*h. Suppose w + w - 3*r + 14 = 0, -16 = 3*w - j*r. List the prime factors of w*(13/(-2) - 0).
2, 13
Suppose -4*c - 4*c = 24. List the prime factors of (96/28 + c)*7.
3
Suppose -3*k - 38 = -4*k. Let z = -16 + k. List the prime factors of z.
2, 11
Suppose -30*r + 27*r = -66. What are the prime factors of 4110/r + 18/99?
11, 17
Let l(h) = -h**3 - 2*h + 71. Let n be l(0). Suppose -w + 35 = -4*s, 3*s - n = -3*w - 2*s. List the prime factors of 1182/w + (-12)/(-54).
2, 11
Let q(g) = 59*g**2 + 2*g - 1. Let d = 19 - 18. List the prime factors of q(d).
2, 3, 5
List the prime factors of (3/(-2) + 4)*7244/10.
1811
Suppose -3*k = -11 - 10. Suppose 5*b = k*b - 4*a - 172, 4*b = 5*a + 341. List the prime factors of b.
2, 3, 7
Let l(f) = 2*f**2 + f - 4. Let u be l(2). Suppose -2*x = u*x - 768. What are the prime factors of x?
2, 3
Let z(j) = 466*j + 2. What are the prime factors of z(5)?
2, 11, 53
Let q = -46 + 50. Suppose 0 = -5*d - q*f + 247, -4*d = -5*d - f + 49. What are the prime factors of d?
3, 17
Suppose -13*p + 0*p = 442. What are the prime factors of p*(-4 - -4 - 1 - 4)?
2, 5, 17
Suppose 0*a = -t - 2*a + 61, 333 = 5*t - 4*a. Let d = t + -61. List the prime factors of d.
2
Let d = -399 - -743. Suppose -d = -4*p - 72. Suppose 3*h + 2*r = p, -h + 19 = r - 4. What are the prime factors of h?
2, 11
Let n = -3 - -3. Suppose n*b = -5*b. Suppose -m + b*m + 12 = 0. What are the prime factors of m?
2, 3
Suppose -5*h - 2946 = -4*f, 2*f + 3*h - 338 = 1124. What are the prime factors of f?
2, 367
Let t(y) = -y**2 + y + 675. Let b be t(0). Suppose -4*z = -13*z + b. What are the prime factors of z?
3, 5
Suppose 0 = 6*h + 9*h - 690. List the prime factors of h.
2, 23
Let r(s) be the third derivative of s**6/120 - s**5/3 + s**4/24 + 5*s**3/3 + 10*s**2. What are the prime factors of r(20)?
2, 3, 5
Suppose -8*n - 3950 = -5*w - 3*n, -5*n - 10 = 0. What are the prime factors of w?
2, 197
Suppose 0 = -4*g - 0*g - 3*b - 119, 5*g + 166 = 2*b. Suppose -3*x = -0*x + t + 45, -30 = 3*x - 4*t. Let u = x - g. What are the prime factors of u?
2, 3
Suppose 0 = a - 4 - 37. List the prime factors of a.
41
Let n(d) = 135*d**2 - 5*d - 4. Let l(v) = -v**2 + 8*v + 19. Let t be l(10). What are the prime factors of n(t)?
2, 17
Let f(k) = -25*k + 142. List the prime factors of f(-21).
23, 29
Let v be (-18)/8 - (-3)/(-4). Let l = v + 0. Let j = 0 - l. List the prime factors of j.
3
Suppose 2*u + 8 = 6*u. What are the prime factors of u/(-6) + 74*(-10)/(-6)?
3, 41
Let k be (-9)/(-3) - (-3 - -24). Let p = 18 + k. Suppose 0 = -4*u + 3*f + 95, p = -3*u - 2*f - 3*f + 35. List the prime factors of u.
2, 5
Let b(z) = z**2 - 4*z + 1. Let c be b(4). List the prime factors of 2*c + (-980)/(-14).
2, 3
Let k(m) = -5*m**2. Let o be k(1). Let w = o + -6. Let b = -9 - w. List the prime factors of b.
2
Suppose -5*f = -3*x - 79, -f + 0*x - 4*x + 2 = 0. Suppose f = i + 37. Let s = i - -32. List the prime factors of s.
3
Let d(o) = 2*o - 5. Let a be d(4). Let b = 69 - 68. Suppose 2*z - 2 = -a*f - b, 0 = -z - f + 2. What are the prime factors of z?
5
Let i = 58 + -95. Let w = i - -305. List the prime factors of w.
2, 67
List the prime factors of (0 - -117) + ((-14)/2 - -7).
3, 13
Suppose 5*b - b = 0. Suppose -u = -b*u - 1. List the prime factors of ((-39)/(-12))/(u/8).
2, 13
Let p = -1181 - -2278. What are the prime factors of p?
1097
Suppose 9*b - 1030 = 4*b. Suppose 4*d + 2*c - b = d, 5*c = 5*d - 310. What are the prime factors of d?
2, 3, 11
What are the prime factors of 3200 + 4/((-4)/13)?
3187
Suppose 0 = -2*o + 65 + 79. Suppose 0 = -q - 3*q + o. Let x = q + 19. What are the prime factors of x?
37
Let l(p) be the first derivative of p**2 - 8*p - 4. Let t be l(5). Suppose t*n + 153 = 5*n. List the prime factors of n.
3, 17
Let r(z) = -78*z + 256. What are the prime factors of r(-12)?
2, 149
Suppose 0 = 12*g - 9*g - 84. Let n be (-2360)/g + 2/7. What are the prime factors of (-24)/n - (-598)/14?
43
Let v(g) = -2*g**3 + 6*g**2 - 11*g + 5. Let l be v(-6). Suppose l + 233 = -2*r. List the prime factors of 3/9 + r/(-12).
2, 5
Suppose 2*p = -i + p + 34, 0 = -2*i - 5*p + 62. List the prime factors of i/(-54) - ((-1196)/6)/2.
3, 11
List the prime factors of -4*(-1)/10 + 417160/100.
2, 7, 149
Let o(v) = v**3 - 15*v**2 - 14*v - 13. Let q(r) = -30*r - 11. Let y be q(-20). Let c be y/38 - (-2)/4. What are the prime factors of o(c)?
19
Let b = 1652 - 939. List the prime factors of b.
23, 31
Let a(f) = -f**2 - 7*f + 3. Let g be a(-7). Suppose 9 = -3*n + 6*n, -3 = -g*c + 2*n. Suppose m - c*m = -42. What are the prime factors of m?
3, 7
Let h(l) = -l**3 + 6*l**2 + 4*l + 12. Let q be ((-2)/5)/(4 - 305/75). List the prime factors of h(q).
2, 3
L